{"id":7951,"date":"2026-04-22T23:18:35","date_gmt":"2026-04-22T21:18:35","guid":{"rendered":"https:\/\/www.efie-erlangen.de\/WP\/?post_type=tribe_events&#038;p=7951"},"modified":"2026-04-22T23:19:57","modified_gmt":"2026-04-22T21:19:57","slug":"efie-benefizveranstaltung","status":"publish","type":"tribe_events","link":"https:\/\/www.efie-erlangen.de\/WP\/event\/efie-benefizveranstaltung\/","title":{"rendered":"EFIE Benefizveranstaltung"},"content":{"rendered":"<p data-start=\"62\" data-end=\"147\"><strong data-start=\"62\" data-end=\"87\">EFiE Talks \u2013 25 Jahre<\/strong><br data-start=\"87\" data-end=\"90\" \/>\ud83d\udcc5 11. Mai 2026<br data-start=\"105\" data-end=\"108\" \/>\ud83d\udd61 18:30 Uhr<br data-start=\"120\" data-end=\"123\" \/>\ud83d\udccd Kellerb\u00fchne, E-Werk<\/p>\n<p data-start=\"149\" data-end=\"297\">Benefizveranstaltung mit spannenden Geschichten rund um 25 Jahre EFIE<em>\u201eVon H\u00e4nden und F\u00fc\u00dfen zu Apps und Emojis \u2013 Fl\u00fcchtlingshilfe fr\u00fcher und heute\u201c<\/em>.<\/p>\n<p data-start=\"299\" data-end=\"346\">Special Guest: Improtheater <em data-start=\"327\" data-end=\"344\">Holterdiepolter<\/em><\/p>\n<p data-start=\"348\" data-end=\"457\">Erlebe inspirierende Talks, genie\u00dfe Improvisationstheater und unterst\u00fctze einen guten Zweck.<br data-start=\"440\" data-end=\"443\" \/>Eintritt frei!<\/p>\n<p data-start=\"348\" data-end=\"457\"><a href=\"https:\/\/www.efie-erlangen.de\/WP\/?attachment_id=7945\" rel=\"attachment wp-att-7945\"><img loading=\"lazy\" decoding=\"async\" class=\"alignnone wp-image-7945 size-medium\" src=\"https:\/\/www.efie-erlangen.de\/WP\/wp-content\/uploads\/2026\/04\/EFiE_Talks_11Mai2026-1-212x300.jpg\" alt=\"\" width=\"212\" height=\"300\" srcset=\"https:\/\/www.efie-erlangen.de\/WP\/wp-content\/uploads\/2026\/04\/EFiE_Talks_11Mai2026-1-212x300.jpg 212w, https:\/\/www.efie-erlangen.de\/WP\/wp-content\/uploads\/2026\/04\/EFiE_Talks_11Mai2026-1-724x1024.jpg 724w, https:\/\/www.efie-erlangen.de\/WP\/wp-content\/uploads\/2026\/04\/EFiE_Talks_11Mai2026-1-768x1087.jpg 768w, https:\/\/www.efie-erlangen.de\/WP\/wp-content\/uploads\/2026\/04\/EFiE_Talks_11Mai2026-1-1086x1536.jpg 1086w, https:\/\/www.efie-erlangen.de\/WP\/wp-content\/uploads\/2026\/04\/EFiE_Talks_11Mai2026-1-1448x2048.jpg 1448w, https:\/\/www.efie-erlangen.de\/WP\/wp-content\/uploads\/2026\/04\/EFiE_Talks_11Mai2026-1-1360x1924.jpg 1360w, https:\/\/www.efie-erlangen.de\/WP\/wp-content\/uploads\/2026\/04\/EFiE_Talks_11Mai2026-1-1320x1867.jpg 1320w, https:\/\/www.efie-erlangen.de\/WP\/wp-content\/uploads\/2026\/04\/EFiE_Talks_11Mai2026-1.jpg 1683w\" sizes=\"auto, (max-width: 212px) 100vw, 212px\" \/><\/a><\/p>\n","protected":false},"excerpt":{"rendered":"<p>EFiE Talks \u2013 25 Jahre\ud83d\udcc5 11. Mai 2026\ud83d\udd61 18:30 Uhr\ud83d\udccd Kellerb\u00fchne, E-Werk Benefizveranstaltung mit spannenden Geschichten rund um 25 Jahre EFIE\u201eVon H\u00e4nden und F\u00fc\u00dfen zu Apps und Emojis \u2013 Fl\u00fcchtlingshilfe fr\u00fcher und heute\u201c. Special Guest:&hellip;<\/p>\n","protected":false},"author":6,"featured_media":0,"template":"","meta":{"_tribe_events_status":"","_tribe_events_status_reason":"","footnotes":""},"tags":[],"tribe_events_cat":[],"coauthors":[42],"class_list":["post-7951","tribe_events","type-tribe_events","status-publish","hentry"],"yoast_head":"<!-- This site is optimized with the Yoast SEO plugin v27.4 - https:\/\/yoast.com\/product\/yoast-seo-wordpress\/ -->\n<title>EFIE Benefizveranstaltung - EFIE<\/title>\n<meta name=\"robots\" content=\"index, follow, max-snippet:-1, max-image-preview:large, max-video-preview:-1\" \/>\n<link rel=\"canonical\" href=\"https:\/\/www.efie-erlangen.de\/WP\/event\/efie-benefizveranstaltung\/\" \/>\n<meta property=\"og:locale\" content=\"de_DE\" \/>\n<meta property=\"og:type\" content=\"article\" \/>\n<meta property=\"og:title\" content=\"EFIE Benefizveranstaltung - EFIE\" \/>\n<meta property=\"og:description\" content=\"EFiE Talks \u2013 25 Jahre\ud83d\udcc5 11. Mai 2026\ud83d\udd61 18:30 Uhr\ud83d\udccd Kellerb\u00fchne, E-Werk Benefizveranstaltung mit spannenden Geschichten rund um 25 Jahre EFIE\u201eVon H\u00e4nden und F\u00fc\u00dfen zu Apps und Emojis \u2013 Fl\u00fcchtlingshilfe fr\u00fcher und heute\u201c. Special Guest:&hellip;\" \/>\n<meta property=\"og:url\" content=\"https:\/\/www.efie-erlangen.de\/WP\/event\/efie-benefizveranstaltung\/\" \/>\n<meta property=\"og:site_name\" content=\"EFIE\" \/>\n<meta property=\"article:modified_time\" content=\"2026-04-22T21:19:57+00:00\" \/>\n<meta property=\"og:image\" content=\"https:\/\/www.efie-erlangen.de\/WP\/wp-content\/uploads\/2026\/04\/EFiE_Talks_11Mai2026-1.jpg\" \/>\n\t<meta property=\"og:image:width\" content=\"1683\" \/>\n\t<meta property=\"og:image:height\" content=\"2381\" \/>\n\t<meta property=\"og:image:type\" content=\"image\/jpeg\" \/>\n<meta name=\"twitter:card\" content=\"summary_large_image\" \/>\n<meta name=\"twitter:label1\" content=\"Gesch\u00e4tzte Lesezeit\" \/>\n\t<meta name=\"twitter:data1\" content=\"1\u00a0Minute\" \/>\n\t<meta name=\"twitter:label2\" content=\"Written by\" \/>\n\t<meta name=\"twitter:data2\" content=\"Philipp\" \/>\n<script type=\"application\/ld+json\" class=\"yoast-schema-graph\">{\"@context\":\"https:\\\/\\\/schema.org\",\"@graph\":[{\"@type\":\"WebPage\",\"@id\":\"https:\\\/\\\/www.efie-erlangen.de\\\/WP\\\/event\\\/efie-benefizveranstaltung\\\/\",\"url\":\"https:\\\/\\\/www.efie-erlangen.de\\\/WP\\\/event\\\/efie-benefizveranstaltung\\\/\",\"name\":\"EFIE Benefizveranstaltung - EFIE\",\"isPartOf\":{\"@id\":\"https:\\\/\\\/www.efie-erlangen.de\\\/WP\\\/#website\"},\"primaryImageOfPage\":{\"@id\":\"https:\\\/\\\/www.efie-erlangen.de\\\/WP\\\/event\\\/efie-benefizveranstaltung\\\/#primaryimage\"},\"image\":{\"@id\":\"https:\\\/\\\/www.efie-erlangen.de\\\/WP\\\/event\\\/efie-benefizveranstaltung\\\/#primaryimage\"},\"thumbnailUrl\":\"https:\\\/\\\/www.efie-erlangen.de\\\/WP\\\/wp-content\\\/uploads\\\/2026\\\/04\\\/EFiE_Talks_11Mai2026-1-212x300.jpg\",\"datePublished\":\"2026-04-22T21:18:35+00:00\",\"dateModified\":\"2026-04-22T21:19:57+00:00\",\"breadcrumb\":{\"@id\":\"https:\\\/\\\/www.efie-erlangen.de\\\/WP\\\/event\\\/efie-benefizveranstaltung\\\/#breadcrumb\"},\"inLanguage\":\"de\",\"potentialAction\":[{\"@type\":\"ReadAction\",\"target\":[\"https:\\\/\\\/www.efie-erlangen.de\\\/WP\\\/event\\\/efie-benefizveranstaltung\\\/\"]}]},{\"@type\":\"ImageObject\",\"inLanguage\":\"de\",\"@id\":\"https:\\\/\\\/www.efie-erlangen.de\\\/WP\\\/event\\\/efie-benefizveranstaltung\\\/#primaryimage\",\"url\":\"https:\\\/\\\/www.efie-erlangen.de\\\/WP\\\/wp-content\\\/uploads\\\/2026\\\/04\\\/EFiE_Talks_11Mai2026-1.jpg\",\"contentUrl\":\"https:\\\/\\\/www.efie-erlangen.de\\\/WP\\\/wp-content\\\/uploads\\\/2026\\\/04\\\/EFiE_Talks_11Mai2026-1.jpg\",\"width\":1683,\"height\":2381},{\"@type\":\"BreadcrumbList\",\"@id\":\"https:\\\/\\\/www.efie-erlangen.de\\\/WP\\\/event\\\/efie-benefizveranstaltung\\\/#breadcrumb\",\"itemListElement\":[{\"@type\":\"ListItem\",\"position\":1,\"name\":\"Startseite\",\"item\":\"https:\\\/\\\/www.efie-erlangen.de\\\/WP\\\/\"},{\"@type\":\"ListItem\",\"position\":2,\"name\":\"Veranstaltungen\",\"item\":\"https:\\\/\\\/www.efie-erlangen.de\\\/WP\\\/events\\\/\"},{\"@type\":\"ListItem\",\"position\":3,\"name\":\"EFIE Benefizveranstaltung\"}]},{\"@type\":\"WebSite\",\"@id\":\"https:\\\/\\\/www.efie-erlangen.de\\\/WP\\\/#website\",\"url\":\"https:\\\/\\\/www.efie-erlangen.de\\\/WP\\\/\",\"name\":\"EFIE\",\"description\":\"Ehrenamtliche Fl\u00fcchtlingsbetreuung in Erlangen EFIE e.V.\",\"potentialAction\":[{\"@type\":\"SearchAction\",\"target\":{\"@type\":\"EntryPoint\",\"urlTemplate\":\"https:\\\/\\\/www.efie-erlangen.de\\\/WP\\\/?s={search_term_string}\"},\"query-input\":{\"@type\":\"PropertyValueSpecification\",\"valueRequired\":true,\"valueName\":\"search_term_string\"}}],\"inLanguage\":\"de\"}]}<\/script>\n<!-- \/ Yoast SEO plugin. -->","yoast_head_json":{"title":"EFIE Benefizveranstaltung - EFIE","robots":{"index":"index","follow":"follow","max-snippet":"max-snippet:-1","max-image-preview":"max-image-preview:large","max-video-preview":"max-video-preview:-1"},"canonical":"https:\/\/www.efie-erlangen.de\/WP\/event\/efie-benefizveranstaltung\/","og_locale":"de_DE","og_type":"article","og_title":"EFIE Benefizveranstaltung - EFIE","og_description":"EFiE Talks \u2013 25 Jahre\ud83d\udcc5 11. Mai 2026\ud83d\udd61 18:30 Uhr\ud83d\udccd Kellerb\u00fchne, E-Werk Benefizveranstaltung mit spannenden Geschichten rund um 25 Jahre EFIE\u201eVon H\u00e4nden und F\u00fc\u00dfen zu Apps und Emojis \u2013 Fl\u00fcchtlingshilfe fr\u00fcher und heute\u201c. Special Guest:&hellip;","og_url":"https:\/\/www.efie-erlangen.de\/WP\/event\/efie-benefizveranstaltung\/","og_site_name":"EFIE","article_modified_time":"2026-04-22T21:19:57+00:00","og_image":[{"width":1683,"height":2381,"url":"https:\/\/www.efie-erlangen.de\/WP\/wp-content\/uploads\/2026\/04\/EFiE_Talks_11Mai2026-1.jpg","type":"image\/jpeg"}],"twitter_card":"summary_large_image","twitter_misc":{"Gesch\u00e4tzte Lesezeit":"1\u00a0Minute","Written by":"Philipp"},"schema":{"@context":"https:\/\/schema.org","@graph":[{"@type":"WebPage","@id":"https:\/\/www.efie-erlangen.de\/WP\/event\/efie-benefizveranstaltung\/","url":"https:\/\/www.efie-erlangen.de\/WP\/event\/efie-benefizveranstaltung\/","name":"EFIE Benefizveranstaltung - EFIE","isPartOf":{"@id":"https:\/\/www.efie-erlangen.de\/WP\/#website"},"primaryImageOfPage":{"@id":"https:\/\/www.efie-erlangen.de\/WP\/event\/efie-benefizveranstaltung\/#primaryimage"},"image":{"@id":"https:\/\/www.efie-erlangen.de\/WP\/event\/efie-benefizveranstaltung\/#primaryimage"},"thumbnailUrl":"https:\/\/www.efie-erlangen.de\/WP\/wp-content\/uploads\/2026\/04\/EFiE_Talks_11Mai2026-1-212x300.jpg","datePublished":"2026-04-22T21:18:35+00:00","dateModified":"2026-04-22T21:19:57+00:00","breadcrumb":{"@id":"https:\/\/www.efie-erlangen.de\/WP\/event\/efie-benefizveranstaltung\/#breadcrumb"},"inLanguage":"de","potentialAction":[{"@type":"ReadAction","target":["https:\/\/www.efie-erlangen.de\/WP\/event\/efie-benefizveranstaltung\/"]}]},{"@type":"ImageObject","inLanguage":"de","@id":"https:\/\/www.efie-erlangen.de\/WP\/event\/efie-benefizveranstaltung\/#primaryimage","url":"https:\/\/www.efie-erlangen.de\/WP\/wp-content\/uploads\/2026\/04\/EFiE_Talks_11Mai2026-1.jpg","contentUrl":"https:\/\/www.efie-erlangen.de\/WP\/wp-content\/uploads\/2026\/04\/EFiE_Talks_11Mai2026-1.jpg","width":1683,"height":2381},{"@type":"BreadcrumbList","@id":"https:\/\/www.efie-erlangen.de\/WP\/event\/efie-benefizveranstaltung\/#breadcrumb","itemListElement":[{"@type":"ListItem","position":1,"name":"Startseite","item":"https:\/\/www.efie-erlangen.de\/WP\/"},{"@type":"ListItem","position":2,"name":"Veranstaltungen","item":"https:\/\/www.efie-erlangen.de\/WP\/events\/"},{"@type":"ListItem","position":3,"name":"EFIE Benefizveranstaltung"}]},{"@type":"WebSite","@id":"https:\/\/www.efie-erlangen.de\/WP\/#website","url":"https:\/\/www.efie-erlangen.de\/WP\/","name":"EFIE","description":"Ehrenamtliche Fl\u00fcchtlingsbetreuung in Erlangen EFIE e.V.","potentialAction":[{"@type":"SearchAction","target":{"@type":"EntryPoint","urlTemplate":"https:\/\/www.efie-erlangen.de\/WP\/?s={search_term_string}"},"query-input":{"@type":"PropertyValueSpecification","valueRequired":true,"valueName":"search_term_string"}}],"inLanguage":"de"}]}},"_links":{"self":[{"href":"https:\/\/www.efie-erlangen.de\/WP\/wp-json\/wp\/v2\/tribe_events\/7951","targetHints":{"allow":["GET"]}}],"collection":[{"href":"https:\/\/www.efie-erlangen.de\/WP\/wp-json\/wp\/v2\/tribe_events"}],"about":[{"href":"https:\/\/www.efie-erlangen.de\/WP\/wp-json\/wp\/v2\/types\/tribe_events"}],"author":[{"embeddable":true,"href":"https:\/\/www.efie-erlangen.de\/WP\/wp-json\/wp\/v2\/users\/6"}],"version-history":[{"count":2,"href":"https:\/\/www.efie-erlangen.de\/WP\/wp-json\/wp\/v2\/tribe_events\/7951\/revisions"}],"predecessor-version":[{"id":7953,"href":"https:\/\/www.efie-erlangen.de\/WP\/wp-json\/wp\/v2\/tribe_events\/7951\/revisions\/7953"}],"wp:attachment":[{"href":"https:\/\/www.efie-erlangen.de\/WP\/wp-json\/wp\/v2\/media?parent=7951"}],"wp:term":[{"taxonomy":"post_tag","embeddable":true,"href":"https:\/\/www.efie-erlangen.de\/WP\/wp-json\/wp\/v2\/tags?post=7951"},{"taxonomy":"tribe_events_cat","embeddable":true,"href":"https:\/\/www.efie-erlangen.de\/WP\/wp-json\/wp\/v2\/tribe_events_cat?post=7951"},{"taxonomy":"author","embeddable":true,"href":"https:\/\/www.efie-erlangen.de\/WP\/wp-json\/wp\/v2\/coauthors?post=7951"}],"curies":[{"name":"wp","href":"https:\/\/api.w.org\/{rel}","templated":true}]}}

<p data-start="62" data-end="147"><strong data-start="62" data-end="87">EFiE Talks – 25 Jahre</strong><br data-start="87" data-end="90" />📅 11. Mai 2026<br data-start="105" data-end="108" />🕡 18:30 Uhr<br data-start="120" data-end="123" />📍 Kellerbühne, E-Werk</p>
<p data-start="149" data-end="297">Benefizveranstaltung mit spannenden Geschichten rund um 25 Jahre EFIE<em>„Von Händen und Füßen zu Apps und Emojis – Flüchtlingshilfe früher und heute“</em>.</p>
<p data-start="299" data-end="346">Special Guest: Improtheater <em data-start="327" data-end="344">Holterdiepolter</em></p>
<p data-start="348" data-end="457">Erlebe inspirierende Talks, genieße Improvisationstheater und unterstütze einen guten Zweck.<br data-start="440" data-end="443" />Eintritt frei!</p>
<p data-start="348" data-end="457"><a href="https://www.efie-erlangen.de/WP/?attachment_id=7945" rel="attachment wp-att-7945"><img loading="lazy" decoding="async" class="alignnone wp-image-7945 size-medium" src="https://www.efie-erlangen.de/WP/wp-content/uploads/2026/04/EFiE_Talks_11Mai2026-1-212x300.jpg" alt="" width="212" height="300" srcset="https://www.efie-erlangen.de/WP/wp-content/uploads/2026/04/EFiE_Talks_11Mai2026-1-212x300.jpg 212w, https://www.efie-erlangen.de/WP/wp-content/uploads/2026/04/EFiE_Talks_11Mai2026-1-724x1024.jpg 724w, https://www.efie-erlangen.de/WP/wp-content/uploads/2026/04/EFiE_Talks_11Mai2026-1-768x1087.jpg 768w, https://www.efie-erlangen.de/WP/wp-content/uploads/2026/04/EFiE_Talks_11Mai2026-1-1086x1536.jpg 1086w, https://www.efie-erlangen.de/WP/wp-content/uploads/2026/04/EFiE_Talks_11Mai2026-1-1448x2048.jpg 1448w, https://www.efie-erlangen.de/WP/wp-content/uploads/2026/04/EFiE_Talks_11Mai2026-1-1360x1924.jpg 1360w, https://www.efie-erlangen.de/WP/wp-content/uploads/2026/04/EFiE_Talks_11Mai2026-1-1320x1867.jpg 1320w, https://www.efie-erlangen.de/WP/wp-content/uploads/2026/04/EFiE_Talks_11Mai2026-1.jpg 1683w" sizes="auto, (max-width: 212px) 100vw, 212px" /></a></p>

<p>EFiE Talks – 25 Jahre📅 11. Mai 2026🕡 18:30 Uhr📍 Kellerbühne, E-Werk Benefizveranstaltung mit spannenden Geschichten rund um 25 Jahre EFIE„Von Händen und Füßen zu Apps und Emojis – Flüchtlingshilfe früher und heute“. Special Guest:&hellip;</p>

<!-- This site is optimized with the Yoast SEO plugin v27.4 - https://yoast.com/product/yoast-seo-wordpress/ -->
<title>EFIE Benefizveranstaltung - EFIE</title>
<meta name="robots" content="index, follow, max-snippet:-1, max-image-preview:large, max-video-preview:-1" />
<link rel="canonical" href="https://www.efie-erlangen.de/WP/event/efie-benefizveranstaltung/" />
<meta property="og:locale" content="de_DE" />
<meta property="og:type" content="article" />
<meta property="og:title" content="EFIE Benefizveranstaltung - EFIE" />
<meta property="og:description" content="EFiE Talks – 25 Jahre📅 11. Mai 2026🕡 18:30 Uhr📍 Kellerbühne, E-Werk Benefizveranstaltung mit spannenden Geschichten rund um 25 Jahre EFIE„Von Händen und Füßen zu Apps und Emojis – Flüchtlingshilfe früher und heute“. Special Guest:&hellip;" />
<meta property="og:url" content="https://www.efie-erlangen.de/WP/event/efie-benefizveranstaltung/" />
<meta property="og:site_name" content="EFIE" />
<meta property="article:modified_time" content="2026-04-22T21:19:57+00:00" />
<meta property="og:image" content="https://www.efie-erlangen.de/WP/wp-content/uploads/2026/04/EFiE_Talks_11Mai2026-1.jpg" />
	<meta property="og:image:width" content="1683" />
	<meta property="og:image:height" content="2381" />
	<meta property="og:image:type" content="image/jpeg" />
<meta name="twitter:card" content="summary_large_image" />
<meta name="twitter:label1" content="Geschätzte Lesezeit" />
	<meta name="twitter:data1" content="1 Minute" />
	<meta name="twitter:label2" content="Written by" />
	<meta name="twitter:data2" content="Philipp" />
<script type="application/ld+json" class="yoast-schema-graph">{"@context":"https:\/\/schema.org","@graph":[{"@type":"WebPage","@id":"https:\/\/www.efie-erlangen.de\/WP\/event\/efie-benefizveranstaltung\/","url":"https:\/\/www.efie-erlangen.de\/WP\/event\/efie-benefizveranstaltung\/","name":"EFIE Benefizveranstaltung - EFIE","isPartOf":{"@id":"https:\/\/www.efie-erlangen.de\/WP\/#website"},"primaryImageOfPage":{"@id":"https:\/\/www.efie-erlangen.de\/WP\/event\/efie-benefizveranstaltung\/#primaryimage"},"image":{"@id":"https:\/\/www.efie-erlangen.de\/WP\/event\/efie-benefizveranstaltung\/#primaryimage"},"thumbnailUrl":"https:\/\/www.efie-erlangen.de\/WP\/wp-content\/uploads\/2026\/04\/EFiE_Talks_11Mai2026-1-212x300.jpg","datePublished":"2026-04-22T21:18:35+00:00","dateModified":"2026-04-22T21:19:57+00:00","breadcrumb":{"@id":"https:\/\/www.efie-erlangen.de\/WP\/event\/efie-benefizveranstaltung\/#breadcrumb"},"inLanguage":"de","potentialAction":[{"@type":"ReadAction","target":["https:\/\/www.efie-erlangen.de\/WP\/event\/efie-benefizveranstaltung\/"]}]},{"@type":"ImageObject","inLanguage":"de","@id":"https:\/\/www.efie-erlangen.de\/WP\/event\/efie-benefizveranstaltung\/#primaryimage","url":"https:\/\/www.efie-erlangen.de\/WP\/wp-content\/uploads\/2026\/04\/EFiE_Talks_11Mai2026-1.jpg","contentUrl":"https:\/\/www.efie-erlangen.de\/WP\/wp-content\/uploads\/2026\/04\/EFiE_Talks_11Mai2026-1.jpg","width":1683,"height":2381},{"@type":"BreadcrumbList","@id":"https:\/\/www.efie-erlangen.de\/WP\/event\/efie-benefizveranstaltung\/#breadcrumb","itemListElement":[{"@type":"ListItem","position":1,"name":"Startseite","item":"https:\/\/www.efie-erlangen.de\/WP\/"},{"@type":"ListItem","position":2,"name":"Veranstaltungen","item":"https:\/\/www.efie-erlangen.de\/WP\/events\/"},{"@type":"ListItem","position":3,"name":"EFIE Benefizveranstaltung"}]},{"@type":"WebSite","@id":"https:\/\/www.efie-erlangen.de\/WP\/#website","url":"https:\/\/www.efie-erlangen.de\/WP\/","name":"EFIE","description":"Ehrenamtliche Flüchtlingsbetreuung in Erlangen EFIE e.V.","potentialAction":[{"@type":"SearchAction","target":{"@type":"EntryPoint","urlTemplate":"https:\/\/www.efie-erlangen.de\/WP\/?s={search_term_string}"},"query-input":{"@type":"PropertyValueSpecification","valueRequired":true,"valueName":"search_term_string"}}],"inLanguage":"de"}]}</script>
<!-- / Yoast SEO plugin. -->

EFiE Talks – 25 Jahre📅 11. Mai 2026🕡 18:30 Uhr📍 Kellerbühne, E-Werk Benefizveranstaltung mit spannenden Geschichten rund um 25 Jahre EFIE„Von Händen und Füßen zu Apps und Emojis – Flüchtlingshilfe früher und heute“. Special Guest:&hellip;

Ehrenamtliche Flüchtlingsbetreuung in Erlangen EFIE e.V.
